{"id":646,"date":"2024-04-28T12:41:27","date_gmt":"2024-04-28T10:41:27","guid":{"rendered":"https:\/\/dlugie.przemyska.pl\/?page_id=646"},"modified":"2024-04-28T12:43:00","modified_gmt":"2024-04-28T10:43:00","slug":"rycerstwo-niepokalanej","status":"publish","type":"page","link":"https:\/\/dlugie.przemyska.pl\/index.php\/rycerstwo-niepokalanej\/","title":{"rendered":"Rycerstwo niepokalanej"},"content":{"rendered":"\t\t<div data-elementor-type=\"wp-page\" data-elementor-id=\"646\" class=\"elementor elementor-646\">\n\t\t\t\t<div class=\"elementor-element elementor-element-9673173 e-flex e-con-boxed e-con e-parent\" data-id=\"9673173\" data-element_type=\"container\" data-core-v316-plus=\"true\">\n\t\t\t\t\t<div class=\"e-con-inner\">\n\t\t\t\t<div class=\"elementor-element elementor-element-e0f52ee elementor-widget elementor-widget-heading\" data-id=\"e0f52ee\" data-element_type=\"widget\" data-widget_type=\"heading.default\">\n\t\t\t\t<div class=\"elementor-widget-container\">\n\t\t\t<style>\/*! elementor - v3.20.0 - 26-03-2024 *\/\n.elementor-heading-title{padding:0;margin:0;line-height:1}.elementor-widget-heading .elementor-heading-title[class*=elementor-size-]>a{color:inherit;font-size:inherit;line-height:inherit}.elementor-widget-heading .elementor-heading-title.elementor-size-small{font-size:15px}.elementor-widget-heading .elementor-heading-title.elementor-size-medium{font-size:19px}.elementor-widget-heading .elementor-heading-title.elementor-size-large{font-size:29px}.elementor-widget-heading .elementor-heading-title.elementor-size-xl{font-size:39px}.elementor-widget-heading .elementor-heading-title.elementor-size-xxl{font-size:59px}<\/style><h2 class=\"elementor-heading-title elementor-size-default\">Rycerstwo niepokalanej<\/h2>\t\t<\/div>\n\t\t\t\t<\/div>\n\t\t\t\t\t<\/div>\n\t\t\t\t<\/div>\n\t\t<div class=\"elementor-element elementor-element-2e7ebe4 e-flex e-con-boxed e-con e-parent\" data-id=\"2e7ebe4\" data-element_type=\"container\" data-core-v316-plus=\"true\">\n\t\t\t\t\t<div class=\"e-con-inner\">\n\t\t\t\t<div class=\"elementor-element elementor-element-8db642f elementor-widget elementor-widget-image\" data-id=\"8db642f\" data-element_type=\"widget\" data-widget_type=\"image.default\">\n\t\t\t\t<div class=\"elementor-widget-container\">\n\t\t\t<style>\/*! elementor - v3.20.0 - 26-03-2024 *\/\n.elementor-widget-image{text-align:center}.elementor-widget-image a{display:inline-block}.elementor-widget-image a img[src$=\".svg\"]{width:48px}.elementor-widget-image img{vertical-align:middle;display:inline-block}<\/style>\t\t\t\t\t\t\t\t\t\t<img fetchpriority=\"high\" decoding=\"async\" width=\"2560\" height=\"1707\" src=\"https:\/\/dlugie.przemyska.pl\/wp-content\/uploads\/2024\/04\/IMG_4177-scaled.jpg\" class=\"attachment-full size-full wp-image-648\" alt=\"\" srcset=\"https:\/\/dlugie.przemyska.pl\/wp-content\/uploads\/2024\/04\/IMG_4177-scaled.jpg 2560w, https:\/\/dlugie.przemyska.pl\/wp-content\/uploads\/2024\/04\/IMG_4177-300x200.jpg 300w, https:\/\/dlugie.przemyska.pl\/wp-content\/uploads\/2024\/04\/IMG_4177-1024x683.jpg 1024w, https:\/\/dlugie.przemyska.pl\/wp-content\/uploads\/2024\/04\/IMG_4177-768x512.jpg 768w, https:\/\/dlugie.przemyska.pl\/wp-content\/uploads\/2024\/04\/IMG_4177-1536x1024.jpg 1536w, https:\/\/dlugie.przemyska.pl\/wp-content\/uploads\/2024\/04\/IMG_4177-2048x1365.jpg 2048w\" sizes=\"(max-width: 2560px) 100vw, 2560px\" \/>\t\t\t\t\t\t\t\t\t\t\t\t\t<\/div>\n\t\t\t\t<\/div>\n\t\t\t\t\t<\/div>\n\t\t\t\t<\/div>\n\t\t<div class=\"elementor-element elementor-element-cc0c9d7 e-flex e-con-boxed e-con e-parent\" data-id=\"cc0c9d7\" data-element_type=\"container\" data-core-v316-plus=\"true\">\n\t\t\t\t\t<div class=\"e-con-inner\">\n\t\t\t\t<div class=\"elementor-element elementor-element-29d0c4b elementor-widget elementor-widget-text-editor\" data-id=\"29d0c4b\" data-element_type=\"widget\" data-widget_type=\"text-editor.default\">\n\t\t\t\t<div class=\"elementor-widget-container\">\n\t\t\t<style>\/*! elementor - v3.20.0 - 26-03-2024 *\/\n.elementor-widget-text-editor.elementor-drop-cap-view-stacked .elementor-drop-cap{background-color:#69727d;color:#fff}.elementor-widget-text-editor.elementor-drop-cap-view-framed .elementor-drop-cap{color:#69727d;border:3px solid;background-color:transparent}.elementor-widget-text-editor:not(.elementor-drop-cap-view-default) .elementor-drop-cap{margin-top:8px}.elementor-widget-text-editor:not(.elementor-drop-cap-view-default) .elementor-drop-cap-letter{width:1em;height:1em}.elementor-widget-text-editor .elementor-drop-cap{float:left;text-align:center;line-height:1;font-size:50px}.elementor-widget-text-editor .elementor-drop-cap-letter{display:inline-block}<\/style>\t\t\t\tRycerstwo Niepokalanej jest to organizacja, kt\u00f3ra powsta\u0142a w 1917r. z inicjatywy ojca Maksymiliana Kolbego. W naszej Parafii Rycerstwo Niepokalanej zosta\u0142o za\u0142o\u017cone 27 pa\u017adziernika 1996r. Na pocz\u0105tku zapisa\u0142o si\u0119 bardzo du\u017co parafian. Jednak z biegiem czasu dzia\u0142alno\u015b\u0107 zosta\u0142a zawieszona, poniewa\u017c ch\u0119tnych do spotka\u0144 ubywa\u0142o.\n\nTrzy lata temu Rycerstwo Niepokalanej zosta\u0142o reaktywowane w naszej Parafii. Spotkania odbywa\u0142y si\u0119 raz w miesi\u0105cu w salce katechetycznej w dolnej cz\u0119\u015bci Ko\u015bcio\u0142a. Obecnie do Rycerstwa Niepokalanej nale\u017cy 16 os\u00f3b. W drug\u0105 \u015brod\u0119 miesi\u0105ca mamy \u00a0spotkania na plebanii z ksi\u0119dzem Proboszczem. Przewodnicz\u0105c\u0105 naszej organizacji jest Agata Ma\u0142ek. Spotkania rozpoczynamy modlitw\u0105 \u2013 ksi\u0105dz Proboszcz czyta s\u0142owa Ewangelii \u015awi\u0119tej na dany dzie\u0144, nast\u0119pnie rozwa\u017camy to, co us\u0142yszeli\u015bmy, dzielimy si\u0119 przyk\u0142adamy i \u015bwiadectwami. Dzi\u0119ki temu si\u0119 rozwijamy i pog\u0142\u0119biamy nasz\u0105 wiar\u0119.\n\nMotto naszej grupy Rycerskiej brzmi: <b>\u201ePrzez Niepokalan\u0105, z\u00a0Niepokalan\u0105 i dla Niepokalanej Maksymilian Maria Kolbe niech ma nas w swojej opiece, a \u015aw. Andrzej Bobola otacza swym p\u0142aszczem\u201d.<\/b> Serdecznie zapraszamy wszystkich ch\u0119tnych do naszej grupy.\t\t\t\t\t\t<\/div>\n\t\t\t\t<\/div>\n\t\t\t\t\t<\/div>\n\t\t\t\t<\/div>\n\t\t\t\t<\/div>\n\t\t","protected":false},"excerpt":{"rendered":"<p>Rycerstwo niepokalanej Rycerstwo Niepokalanej jest to organizacja, kt\u00f3ra powsta\u0142a w 1917r. z inicjatywy ojca Maksymiliana Kolbego. W naszej Parafii Rycerstwo Niepokalanej zosta\u0142o za\u0142o\u017cone 27 pa\u017adziernika 1996r. Na pocz\u0105tku zapisa\u0142o si\u0119 bardzo du\u017co parafian. Jednak z biegiem czasu dzia\u0142alno\u015b\u0107 zosta\u0142a zawieszona, poniewa\u017c ch\u0119tnych do spotka\u0144 ubywa\u0142o. Trzy lata temu Rycerstwo Niepokalanej zosta\u0142o reaktywowane w naszej Parafii. &hellip;<\/p>\n<p class=\"read-more\"> <a class=\"\" href=\"https:\/\/dlugie.przemyska.pl\/index.php\/rycerstwo-niepokalanej\/\"> <span class=\"screen-reader-text\">Rycerstwo niepokalanej<\/span> Read More &raquo;<\/a><\/p>\n","protected":false},"author":1,"featured_media":0,"parent":0,"menu_order":0,"comment_status":"closed","ping_status":"closed","template":"","meta":{"site-sidebar-layout":"no-sidebar","site-content-layout":"","ast-site-content-layout":"full-width-container","site-content-style":"default","site-sidebar-style":"default","ast-global-header-display":"","ast-banner-title-visibility":"","ast-main-header-display":"","ast-hfb-above-header-display":"","ast-hfb-below-header-display":"","ast-hfb-mobile-header-display":"","site-post-title":"disabled","ast-breadcrumbs-content":"","ast-featured-img":"disabled","footer-sml-layout":"","theme-transparent-header-meta":"","adv-header-id-meta":"","stick-header-meta":"","header-above-stick-meta":"","header-main-stick-meta":"","header-below-stick-meta":"","astra-migrate-meta-layouts":"","ast-page-background-enabled":"default","ast-page-background-meta":{"desktop":{"background-color":"var(--ast-global-color-4)","background-image":"","background-repeat":"repeat","background-position":"center center","background-size":"auto","background-attachment":"scroll","background-type":"","background-media":"","overlay-type":"","overlay-color":"","overlay-gradient":""},"tablet":{"background-color":"","background-image":"","background-repeat":"repeat","background-position":"center center","background-size":"auto","background-attachment":"scroll","background-type":"","background-media":"","overlay-type":"","overlay-color":"","overlay-gradient":""},"mobile":{"background-color":"","background-image":"","background-repeat":"repeat","background-position":"center center","background-size":"auto","background-attachment":"scroll","background-type":"","background-media":"","overlay-type":"","overlay-color":"","overlay-gradient":""}},"ast-content-background-meta":{"desktop":{"background-color":"var(--ast-global-color-5)","background-image":"","background-repeat":"repeat","background-position":"center center","background-size":"auto","background-attachment":"scroll","background-type":"","background-media":"","overlay-type":"","overlay-color":"","overlay-gradient":""},"tablet":{"background-color":"var(--ast-global-color-5)","background-image":"","background-repeat":"repeat","background-position":"center center","background-size":"auto","background-attachment":"scroll","background-type":"","background-media":"","overlay-type":"","overlay-color":"","overlay-gradient":""},"mobile":{"background-color":"var(--ast-global-color-5)","background-image":"","background-repeat":"repeat","background-position":"center center","background-size":"auto","background-attachment":"scroll","background-type":"","background-media":"","overlay-type":"","overlay-color":"","overlay-gradient":""}},"footnotes":""},"class_list":["post-646","page","type-page","status-publish","hentry"],"_links":{"self":[{"href":"https:\/\/dlugie.przemyska.pl\/index.php\/wp-json\/wp\/v2\/pages\/646","targetHints":{"allow":["GET"]}}],"collection":[{"href":"https:\/\/dlugie.przemyska.pl\/index.php\/wp-json\/wp\/v2\/pages"}],"about":[{"href":"https:\/\/dlugie.przemyska.pl\/index.php\/wp-json\/wp\/v2\/types\/page"}],"author":[{"embeddable":true,"href":"https:\/\/dlugie.przemyska.pl\/index.php\/wp-json\/wp\/v2\/users\/1"}],"replies":[{"embeddable":true,"href":"https:\/\/dlugie.przemyska.pl\/index.php\/wp-json\/wp\/v2\/comments?post=646"}],"version-history":[{"count":4,"href":"https:\/\/dlugie.przemyska.pl\/index.php\/wp-json\/wp\/v2\/pages\/646\/revisions"}],"predecessor-version":[{"id":651,"href":"https:\/\/dlugie.przemyska.pl\/index.php\/wp-json\/wp\/v2\/pages\/646\/revisions\/651"}],"wp:attachment":[{"href":"https:\/\/dlugie.przemyska.pl\/index.php\/wp-json\/wp\/v2\/media?parent=646"}],"curies":[{"name":"wp","href":"https:\/\/api.w.org\/{rel}","templated":true}]}}