{"id":563,"date":"2024-04-15T15:59:48","date_gmt":"2024-04-15T13:59:48","guid":{"rendered":"https:\/\/dlugie.przemyska.pl\/?page_id=563"},"modified":"2024-04-15T16:01:59","modified_gmt":"2024-04-15T14:01:59","slug":"ksiadz-rezydent","status":"publish","type":"page","link":"https:\/\/dlugie.przemyska.pl\/index.php\/ksiadz-rezydent\/","title":{"rendered":"Ksi\u0105dz rezydent"},"content":{"rendered":"\t\t<div data-elementor-type=\"wp-page\" data-elementor-id=\"563\" class=\"elementor elementor-563\">\n\t\t\t\t<div class=\"elementor-element elementor-element-189c9c4 e-flex e-con-boxed e-con e-parent\" data-id=\"189c9c4\" data-element_type=\"container\" data-core-v316-plus=\"true\">\n\t\t\t\t\t<div class=\"e-con-inner\">\n\t\t\t\t<div class=\"elementor-element elementor-element-8d82636 elementor-widget elementor-widget-heading\" data-id=\"8d82636\" data-element_type=\"widget\" data-widget_type=\"heading.default\">\n\t\t\t\t<div class=\"elementor-widget-container\">\n\t\t\t<style>\/*! elementor - v3.20.0 - 26-03-2024 *\/\n.elementor-heading-title{padding:0;margin:0;line-height:1}.elementor-widget-heading .elementor-heading-title[class*=elementor-size-]>a{color:inherit;font-size:inherit;line-height:inherit}.elementor-widget-heading .elementor-heading-title.elementor-size-small{font-size:15px}.elementor-widget-heading .elementor-heading-title.elementor-size-medium{font-size:19px}.elementor-widget-heading .elementor-heading-title.elementor-size-large{font-size:29px}.elementor-widget-heading .elementor-heading-title.elementor-size-xl{font-size:39px}.elementor-widget-heading .elementor-heading-title.elementor-size-xxl{font-size:59px}<\/style><h2 class=\"elementor-heading-title elementor-size-default\">Ksi\u0105dz rezydent<\/h2>\t\t<\/div>\n\t\t\t\t<\/div>\n\t\t\t\t\t<\/div>\n\t\t\t\t<\/div>\n\t\t<div class=\"elementor-element elementor-element-01f7f50 e-flex e-con-boxed e-con e-parent\" data-id=\"01f7f50\" data-element_type=\"container\" data-core-v316-plus=\"true\">\n\t\t\t\t\t<div class=\"e-con-inner\">\n\t\t\t\t<div class=\"elementor-element elementor-element-6f5c60f elementor-widget elementor-widget-text-editor\" data-id=\"6f5c60f\" data-element_type=\"widget\" data-widget_type=\"text-editor.default\">\n\t\t\t\t<div class=\"elementor-widget-container\">\n\t\t\t<style>\/*! elementor - v3.20.0 - 26-03-2024 *\/\n.elementor-widget-text-editor.elementor-drop-cap-view-stacked .elementor-drop-cap{background-color:#69727d;color:#fff}.elementor-widget-text-editor.elementor-drop-cap-view-framed .elementor-drop-cap{color:#69727d;border:3px solid;background-color:transparent}.elementor-widget-text-editor:not(.elementor-drop-cap-view-default) .elementor-drop-cap{margin-top:8px}.elementor-widget-text-editor:not(.elementor-drop-cap-view-default) .elementor-drop-cap-letter{width:1em;height:1em}.elementor-widget-text-editor .elementor-drop-cap{float:left;text-align:center;line-height:1;font-size:50px}.elementor-widget-text-editor .elementor-drop-cap-letter{display:inline-block}<\/style>\t\t\t\t<p>Ksi\u0105dz pra\u0142at Stanis\u0142aw Orzechowski przyszed\u0142 na \u015bwiat 17 marca 1948 roku w D\u0119bowie, b\u0119d\u0105cym cz\u0119\u015bci\u0105 parafii Przeworsk. Po uko\u0144czeniu Szko\u0142y Podstawowej w rodzinnym mie\u015bcie w 1962 roku, kontynuowa\u0142 nauk\u0119 w Liceum Og\u00f3lnokszta\u0142c\u0105cym w Przeworsku. Matur\u0119 zda\u0142 w 1966 roku, po czym podj\u0105\u0142 decyzj\u0119 o wst\u0105pieniu do Seminarium Duchownego w Przemy\u015blu. \u015awi\u0119cenia kap\u0142a\u0144skie przyj\u0105\u0142 17 czerwca 1972 roku w katedrze przemyskiej z r\u0105k ksi\u0119dza arcybiskupa Ignacego Tokarczuka.<\/p><p>Po otrzymaniu \u015bwi\u0119ce\u0144, ksi\u0105dz Stanis\u0142aw zosta\u0142 skierowany na plac\u00f3wki wikariuszowskie w Jasienicy Rosielnej, nast\u0119pnie do Zarszyna i do parafii pod wezwaniem \u015bw. Judy Tadeusza w Rzeszowie.<\/p><p>W 1974 roku rozpocz\u0105\u0142 dwuletnie studia na Sekcji Katechetycznej Instytutu Pastoralnego w Rzeszowie, zwi\u0105zane z Papieskim Wydzia\u0142em Teologicznym w Krakowie. Przez ca\u0142y okres pracy wikariuszowskiej anga\u017cowa\u0142 si\u0119 tak\u017ce w katechez\u0119 dzieci i m\u0142odzie\u017cy.<\/p><p>W 1980 roku powsta\u0142 nowy obiekt sakralny w miejscowo\u015bci D\u0142ugie, w parafii Zarszyn. 13 marca 1980 roku Jego Ekscelencja ksi\u0105dz biskup Tadeusz B\u0142aszkiewicz dokona\u0142 po\u015bwi\u0119cenia kaplicy pod wezwaniem b\u0142ogos\u0142awionej Jadwigi Kr\u00f3lowej. Od 29 czerwca 1980 roku ksi\u0105dz Stanis\u0142aw zosta\u0142 pierwszym duszpasterzem nowego miejsca kultu. Parafi\u0119 w D\u0142ugiem utworzono 14 lipca 1980 roku na mocy dekretu Kurii Biskupiej w Przemy\u015blu.<\/p><p>Ksi\u0119dza Stanis\u0142awa wyr\u00f3\u017cniono 2 grudnia 1985 roku odznaczeniem Expositorio Canonicali, a 5 marca 1993 roku przywilejem noszenia rokiety i mantoletu. W 1997 roku podj\u0105\u0142 si\u0119 dodatkowych obowi\u0105zk\u00f3w jako wizytator nauki religii w dekanacie ja\u0107mierskim. 13 kwietnia 2006 roku otrzyma\u0142 tytu\u0142 Honorowego Kanonika Kro\u015bnie\u0144skiej Kapitu\u0142y Kolegiackiej.<\/p>\t\t\t\t\t\t<\/div>\n\t\t\t\t<\/div>\n\t\t\t\t\t<\/div>\n\t\t\t\t<\/div>\n\t\t\t\t<\/div>\n\t\t","protected":false},"excerpt":{"rendered":"<p>Ksi\u0105dz rezydent Ksi\u0105dz pra\u0142at Stanis\u0142aw Orzechowski przyszed\u0142 na \u015bwiat 17 marca 1948 roku w D\u0119bowie, b\u0119d\u0105cym cz\u0119\u015bci\u0105 parafii Przeworsk. Po uko\u0144czeniu Szko\u0142y Podstawowej w rodzinnym mie\u015bcie w 1962 roku, kontynuowa\u0142 nauk\u0119 w Liceum Og\u00f3lnokszta\u0142c\u0105cym w Przeworsku. Matur\u0119 zda\u0142 w 1966 roku, po czym podj\u0105\u0142 decyzj\u0119 o wst\u0105pieniu do Seminarium Duchownego w Przemy\u015blu. \u015awi\u0119cenia kap\u0142a\u0144skie przyj\u0105\u0142 &hellip;<\/p>\n<p class=\"read-more\"> <a class=\"\" href=\"https:\/\/dlugie.przemyska.pl\/index.php\/ksiadz-rezydent\/\"> <span class=\"screen-reader-text\">Ksi\u0105dz rezydent<\/span> Read More &raquo;<\/a><\/p>\n","protected":false},"author":1,"featured_media":0,"parent":0,"menu_order":0,"comment_status":"closed","ping_status":"closed","template":"","meta":{"site-sidebar-layout":"no-sidebar","site-content-layout":"","ast-site-content-layout":"full-width-container","site-content-style":"default","site-sidebar-style":"default","ast-global-header-display":"","ast-banner-title-visibility":"","ast-main-header-display":"","ast-hfb-above-header-display":"","ast-hfb-below-header-display":"","ast-hfb-mobile-header-display":"","site-post-title":"disabled","ast-breadcrumbs-content":"","ast-featured-img":"disabled","footer-sml-layout":"","theme-transparent-header-meta":"","adv-header-id-meta":"","stick-header-meta":"","header-above-stick-meta":"","header-main-stick-meta":"","header-below-stick-meta":"","astra-migrate-meta-layouts":"","ast-page-background-enabled":"default","ast-page-background-meta":{"desktop":{"background-color":"var(--ast-global-color-4)","background-image":"","background-repeat":"repeat","background-position":"center center","background-size":"auto","background-attachment":"scroll","background-type":"","background-media":"","overlay-type":"","overlay-color":"","overlay-gradient":""},"tablet":{"background-color":"","background-image":"","background-repeat":"repeat","background-position":"center center","background-size":"auto","background-attachment":"scroll","background-type":"","background-media":"","overlay-type":"","overlay-color":"","overlay-gradient":""},"mobile":{"background-color":"","background-image":"","background-repeat":"repeat","background-position":"center center","background-size":"auto","background-attachment":"scroll","background-type":"","background-media":"","overlay-type":"","overlay-color":"","overlay-gradient":""}},"ast-content-background-meta":{"desktop":{"background-color":"var(--ast-global-color-5)","background-image":"","background-repeat":"repeat","background-position":"center center","background-size":"auto","background-attachment":"scroll","background-type":"","background-media":"","overlay-type":"","overlay-color":"","overlay-gradient":""},"tablet":{"background-color":"var(--ast-global-color-5)","background-image":"","background-repeat":"repeat","background-position":"center center","background-size":"auto","background-attachment":"scroll","background-type":"","background-media":"","overlay-type":"","overlay-color":"","overlay-gradient":""},"mobile":{"background-color":"var(--ast-global-color-5)","background-image":"","background-repeat":"repeat","background-position":"center center","background-size":"auto","background-attachment":"scroll","background-type":"","background-media":"","overlay-type":"","overlay-color":"","overlay-gradient":""}},"footnotes":""},"class_list":["post-563","page","type-page","status-publish","hentry"],"_links":{"self":[{"href":"https:\/\/dlugie.przemyska.pl\/index.php\/wp-json\/wp\/v2\/pages\/563","targetHints":{"allow":["GET"]}}],"collection":[{"href":"https:\/\/dlugie.przemyska.pl\/index.php\/wp-json\/wp\/v2\/pages"}],"about":[{"href":"https:\/\/dlugie.przemyska.pl\/index.php\/wp-json\/wp\/v2\/types\/page"}],"author":[{"embeddable":true,"href":"https:\/\/dlugie.przemyska.pl\/index.php\/wp-json\/wp\/v2\/users\/1"}],"replies":[{"embeddable":true,"href":"https:\/\/dlugie.przemyska.pl\/index.php\/wp-json\/wp\/v2\/comments?post=563"}],"version-history":[{"count":5,"href":"https:\/\/dlugie.przemyska.pl\/index.php\/wp-json\/wp\/v2\/pages\/563\/revisions"}],"predecessor-version":[{"id":568,"href":"https:\/\/dlugie.przemyska.pl\/index.php\/wp-json\/wp\/v2\/pages\/563\/revisions\/568"}],"wp:attachment":[{"href":"https:\/\/dlugie.przemyska.pl\/index.php\/wp-json\/wp\/v2\/media?parent=563"}],"curies":[{"name":"wp","href":"https:\/\/api.w.org\/{rel}","templated":true}]}}